{"id":20,"date":"2023-04-23T17:59:47","date_gmt":"2023-04-23T15:59:47","guid":{"rendered":"https:\/\/www.xn--tvrtzlingen-n8a.de\/WordPress\/?page_id=20"},"modified":"2026-04-15T21:08:29","modified_gmt":"2026-04-15T19:08:29","slug":"aktuelles","status":"publish","type":"page","link":"https:\/\/www.xn--tvrtzlingen-n8a.de\/WordPress\/aktuelles\/","title":{"rendered":"Aktuelles"},"content":{"rendered":"\n<div class=\"wp-block-columns is-layout-flex wp-container-core-columns-is-layout-9d6595d7 wp-block-columns-is-layout-flex\">\n<div class=\"wp-block-column is-layout-flow wp-block-column-is-layout-flow\">\n<p><strong>Kl\u00f6nschnack auf dem Sportplatz: <\/strong><\/p>\n\n\n\n<p><strong>Freitags ab 18:30 Uhr<\/strong><\/p>\n\n\n\n<p><strong>N\u00e4chste Vorstandssitzung<\/strong><br \/>im Klubheim<strong>: Dienstag, 19.05.2025, 19:30 Uhr<\/strong><\/p>\n\n\n\n<figure class=\"wp-block-image size-large\"><img loading=\"lazy\" decoding=\"async\" width=\"473\" height=\"1024\" src=\"https:\/\/www.xn--tvrtzlingen-n8a.de\/WordPress\/wp-content\/uploads\/2026\/04\/img_2488-473x1024.png\" alt=\"\" class=\"wp-image-340\" srcset=\"https:\/\/www.xn--tvrtzlingen-n8a.de\/WordPress\/wp-content\/uploads\/2026\/04\/img_2488-473x1024.png 473w, https:\/\/www.xn--tvrtzlingen-n8a.de\/WordPress\/wp-content\/uploads\/2026\/04\/img_2488-138x300.png 138w, https:\/\/www.xn--tvrtzlingen-n8a.de\/WordPress\/wp-content\/uploads\/2026\/04\/img_2488-768x1664.png 768w, https:\/\/www.xn--tvrtzlingen-n8a.de\/WordPress\/wp-content\/uploads\/2026\/04\/img_2488-709x1536.png 709w, https:\/\/www.xn--tvrtzlingen-n8a.de\/WordPress\/wp-content\/uploads\/2026\/04\/img_2488.png 923w\" sizes=\"auto, (max-width: 473px) 100vw, 473px\" \/><\/figure>\n\n\n\n<p><strong> <\/strong><\/p>\n\n\n\n<p><strong>Unter dem Men\u00fcpunkt \u201eFotogalerie\u201c sind Fotostrecken zu den Rubriken<\/strong><br \/>\u2013 Mitgliederversammlung 2022<br \/>\u2013 Bilder aus der Festwoche anl. des 100-j\u00e4hrigen Vereinsjubil\u00e4ums<br \/>\u2013 Bilder der Neugestaltung der Terrassen und des Clubheims eingestellt.<\/p>\n<\/div>\n<\/div>\n\n\n\n<p><\/p>\n","protected":false},"excerpt":{"rendered":"<p>Kl\u00f6nschnack auf dem Sportplatz: Freitags ab 18:30 Uhr N\u00e4chste Vorstandssitzungim Klubheim: Dienstag, 19.05.2025, 19:30 Uhr Unter dem Men\u00fcpunkt \u201eFotogalerie\u201c sind Fotostrecken zu den Rubriken\u2013 Mitgliederversammlung 2022\u2013 Bilder aus der Festwoche anl. des 100-j\u00e4hrigen Vereinsjubil\u00e4ums\u2013 Bilder der Neugestaltung der Terrassen und &hellip; <a href=\"https:\/\/www.xn--tvrtzlingen-n8a.de\/WordPress\/aktuelles\/\">Weiterlesen <span class=\"meta-nav\">&rarr;<\/span><\/a><\/p>\n","protected":false},"author":1,"featured_media":0,"parent":0,"menu_order":0,"comment_status":"closed","ping_status":"closed","template":"onecolumn-page.php","meta":{"footnotes":""},"class_list":["post-20","page","type-page","status-publish","hentry"],"_links":{"self":[{"href":"https:\/\/www.xn--tvrtzlingen-n8a.de\/WordPress\/wp-json\/wp\/v2\/pages\/20","targetHints":{"allow":["GET"]}}],"collection":[{"href":"https:\/\/www.xn--tvrtzlingen-n8a.de\/WordPress\/wp-json\/wp\/v2\/pages"}],"about":[{"href":"https:\/\/www.xn--tvrtzlingen-n8a.de\/WordPress\/wp-json\/wp\/v2\/types\/page"}],"author":[{"embeddable":true,"href":"https:\/\/www.xn--tvrtzlingen-n8a.de\/WordPress\/wp-json\/wp\/v2\/users\/1"}],"replies":[{"embeddable":true,"href":"https:\/\/www.xn--tvrtzlingen-n8a.de\/WordPress\/wp-json\/wp\/v2\/comments?post=20"}],"version-history":[{"count":63,"href":"https:\/\/www.xn--tvrtzlingen-n8a.de\/WordPress\/wp-json\/wp\/v2\/pages\/20\/revisions"}],"predecessor-version":[{"id":342,"href":"https:\/\/www.xn--tvrtzlingen-n8a.de\/WordPress\/wp-json\/wp\/v2\/pages\/20\/revisions\/342"}],"wp:attachment":[{"href":"https:\/\/www.xn--tvrtzlingen-n8a.de\/WordPress\/wp-json\/wp\/v2\/media?parent=20"}],"curies":[{"name":"wp","href":"https:\/\/api.w.org\/{rel}","templated":true}]}}