{"id":13,"date":"2023-04-23T17:40:47","date_gmt":"2023-04-23T15:40:47","guid":{"rendered":"https:\/\/www.xn--tvrtzlingen-n8a.de\/WordPress\/?page_id=13"},"modified":"2023-06-07T16:26:20","modified_gmt":"2023-06-07T14:26:20","slug":"willkommen-beim-tv-raetzlingen-von-1922-e-v","status":"publish","type":"page","link":"https:\/\/www.xn--tvrtzlingen-n8a.de\/WordPress\/","title":{"rendered":"Willkommen beim TV R\u00e4tzlingen von 1922 e.V."},"content":{"rendered":"\n<p>Wir begr\u00fc\u00dfen Sie herzlich auf der Internetseite des TV R\u00e4tzlingen von 1922 e.V., die wir neu gestaltet haben und nach und nach mit Informationen \u00fcber den TVR und aus den einzelnen Sparten f\u00fcllen werden.<\/p>\n\n\n\n<p>Mit rund 210 Mitgliedern z\u00e4hlen wir zu den eher kleineren Sportvereinen des Landkreises Uelzen und laden Sie ein, sich \u00fcber den Verein, das umfangreiche Sportangebot im TVR und die Aktivit\u00e4ten der Sparten zu informieren.<\/p>\n\n\n\n<p>Bei Fragen k\u00f6nnen Sie sich gerne unter den Punkt Kontakt bei uns melden.<\/p>\n\n\n\n<p>Besucht uns auch gerne auf unserer Instagram Seite, um immer auf dem aktuellsten Stand zu sein  (<a href=\"https:\/\/instagram.com\/tv_raetzlingen?igshid=MjEwN2IyYWYwYw==\">https:\/\/instagram.com\/tv_raetzlingen?igshid=MjEwN2IyYWYwYw==<\/a> ).<\/p>\n\n\n\n<p><\/p>\n\n\n\n<p>Der Vorstand<\/p>\n","protected":false},"excerpt":{"rendered":"<p>Wir begr\u00fc\u00dfen Sie herzlich auf der Internetseite des TV R\u00e4tzlingen von 1922 e.V., die wir neu gestaltet haben und nach und nach mit Informationen \u00fcber den TVR und aus den einzelnen Sparten f\u00fcllen werden. Mit rund 210 Mitgliedern z\u00e4hlen wir &hellip; <a href=\"https:\/\/www.xn--tvrtzlingen-n8a.de\/WordPress\/\">Weiterlesen <span class=\"meta-nav\">&rarr;<\/span><\/a><\/p>\n","protected":false},"author":1,"featured_media":0,"parent":0,"menu_order":0,"comment_status":"closed","ping_status":"closed","template":"onecolumn-page.php","meta":{"footnotes":""},"class_list":["post-13","page","type-page","status-publish","hentry"],"_links":{"self":[{"href":"https:\/\/www.xn--tvrtzlingen-n8a.de\/WordPress\/wp-json\/wp\/v2\/pages\/13","targetHints":{"allow":["GET"]}}],"collection":[{"href":"https:\/\/www.xn--tvrtzlingen-n8a.de\/WordPress\/wp-json\/wp\/v2\/pages"}],"about":[{"href":"https:\/\/www.xn--tvrtzlingen-n8a.de\/WordPress\/wp-json\/wp\/v2\/types\/page"}],"author":[{"embeddable":true,"href":"https:\/\/www.xn--tvrtzlingen-n8a.de\/WordPress\/wp-json\/wp\/v2\/users\/1"}],"replies":[{"embeddable":true,"href":"https:\/\/www.xn--tvrtzlingen-n8a.de\/WordPress\/wp-json\/wp\/v2\/comments?post=13"}],"version-history":[{"count":5,"href":"https:\/\/www.xn--tvrtzlingen-n8a.de\/WordPress\/wp-json\/wp\/v2\/pages\/13\/revisions"}],"predecessor-version":[{"id":134,"href":"https:\/\/www.xn--tvrtzlingen-n8a.de\/WordPress\/wp-json\/wp\/v2\/pages\/13\/revisions\/134"}],"wp:attachment":[{"href":"https:\/\/www.xn--tvrtzlingen-n8a.de\/WordPress\/wp-json\/wp\/v2\/media?parent=13"}],"curies":[{"name":"wp","href":"https:\/\/api.w.org\/{rel}","templated":true}]}}